hat is the units digit of -3 - (q - (0 - 1))?
8
What is the units digit of 10/2*38/5?
8
Let r = 4 - 14. What is the units digit of (5/r)/(2/(-8))?
2
Let u(t) = t**3 + 10*t**2 + 4*t - 11. Suppose -8 = 4*v + 28. What is the tens digit of u(v)?
3
Let r = -8 + -2. Let p be 51/15 - 6/r. Suppose 5*o - 4 = -3*i + 21, 76 = 4*i - p*o. What is the tens digit of i?
1
Suppose 0 = -2*h + m + 11, h + 4*h - m - 23 = 0. Let d = 0 + h. Suppose -2*l + 3*u - d*u + 5 = 0, -3*u = 5*l - 10. What is the units digit of l?
5
Let p(a) = -7*a**3 - 4*a**2 - 2*a + 5. What is the units digit of p(-3)?
4
Let r(q) = 2*q**2 + 3*q. Let h be r(-2). Suppose -46 = -h*z + 3*u + 32, 5*z - 4*u - 209 = 0. What is the units digit of z?
5
Let h = 3 + -3. Suppose b - 1 = -3*z, 5*b - 3*z + z - 5 = h. What is the units digit of b/3 - 14/(-3)?
5
Let k(j) = 4*j - 19. Let p(g) = 4*g - 18. Let u(c) = -4*k(c) + 5*p(c). Let o(t) = 11*t - 41. Let y(r) = 3*o(r) - 8*u(r). What is the units digit of y(12)?
1
Suppose b = -15 + 6. What is the units digit of (-3)/6*2 - b?
8
Let z be (-46)/(-1 + -1) + 3. Let g = z - 17. Suppose x + 1 = g. What is the units digit of x?
8
Let n = 12 + -7. Suppose l + 3*l = 20, -4*m - n = -5*l. What is the units digit of m?
5
Let j be -3 + ((-8)/2)/(-2). Let u(d) = 9*d**3 - 3*d**2 + d - 3. Let i(c) = c**3 - c**2 - 1. Let t(f) = 4*i(f) - u(f). What is the units digit of t(j)?
4
Suppose -h - 33 = 2*h. Let n = h + 15. What is the units digit of (n/6)/((-6)/(-27))?
3
Let m be ((-14)/21)/(4/6). What is the tens digit of -1*(-16 - (-1 - m))?
1
Suppose -5*a - 5*o + 240 = -35, -2*o = 4*a - 220. What is the tens digit of a?
5
Let h be 8/12*6/1. Suppose -5*l - 20 = 0, -h*l + 25 = 5*w + l. What is the units digit of (w/(-3))/(1 - 4)?
1
Let h = -8 - -11. What is the units digit of 9 - h*3/9?
8
Suppose -o = -4 - 1. Suppose -12 = o*g - 67. What is the tens digit of g?
1
Suppose 3*g - 4*g + 26 = 0. Suppose -4*m = -2 - g. What is the units digit of m?
7
What is the units digit of 6/9*33/2?
1
Suppose -3*v = 18 - 69. What is the units digit of v?
7
Let h be (-345)/(-6)*(-24)/(-30). Suppose -4*m = -2*w - h - 24, 0 = m - w - 16. What is the units digit of m?
9
What is the units digit of (-2)/(4/230)*(-12)/12?
5
Let y(x) = 2*x + 13. What is the units digit of y(-6)?
1
Let a(n) = 10*n**2 + 7*n + 2. Let f(u) = -5*u**2 - 3*u - 1. Let l(g) = -2*a(g) - 5*f(g). Let x be l(-1). Suppose 0 = -r + x - 0. What is the units digit of r?
5
Suppose 0 = -4*c + 656 + 164. What is the units digit of c?
5
Let m(x) = -x**2 - 4*x + 5. Suppose 7*k - 6*k + 4 = 0. What is the units digit of m(k)?
5
Suppose 3 = 5*u + 38. Let z(d) = 3*d - 7. Let a be z(u). What is the units digit of 2/(-3) + a/(-6)?
4
Let f(k) = 15*k - 8. Let l(x) = x - 1. Let b(q) = -f(q) + 6*l(q). Let h be b(-2). Suppose 2*p - 6*o + 3*o - h = 0, 20 = -5*o. What is the units digit of p?
4
Let y(n) = 9*n**2 + 2*n - 6. What is the tens digit of y(-3)?
6
Suppose 0 = -5*d - 10, -3*x + 0*d + 10 = d. Suppose x*f + 0*f - 8 = 0. Suppose 0 = -n + 4*n + 3, -4*s - f*n = -30. What is the units digit of s?
8
Let l(r) be the third derivative of -5*r**4/24 + 4*r**3/3 - 2*r**2. Let f(k) = -2*k + 3. Let d(t) = -8*f(t) + 3*l(t). What is the units digit of d(8)?
8
Let s(o) = -4*o + 6. Let v be s(-6). What is the tens digit of (-80)/(-6) + (-10)/v?
1
Suppose -4*x = -x - 54. Suppose -4*n = -3*o - n + x, 3*n = 4*o - 21. Suppose o*m - 28 = -m. What is the units digit of m?
7
Suppose 0 = -p + 3*p - 34. Suppose -5*s = -5*r + 60, 27 + p = 3*r - s. What is the tens digit of r?
1
Suppose -d - 3*d = 20. Let b be 10/25 + (-808)/d. What is the units digit of 2/7 - b/(-21)?
8
Suppose -2*w - 3*w = 4*x - 6, x - 2 = -w. Suppose 2*n - 2 = -x*v + 12, -2*v - 8 = -2*n. What is the tens digit of v - -2 - -15 - 3?
1
Let b(t) = 64*t - 7. What is the units digit of b(2)?
1
Suppose 2*c - 5*c = 5*q - 275, -2*q + 110 = -4*c. What is the units digit of q?
5
Suppose u - 38 = -u. What is the tens digit of u?
1
Suppose 5*t + n = 476, 0 = -3*t - t + 4*n + 400. Suppose -3*s + 7*s = t. What is the units digit of s?
4
Suppose -18*n + 14*n = -60. Let q be ((-1)/(-2))/(1/(-14)). Let o = q + n. What is the units digit of o?
8
Let v(f) = f**3 - 3*f**2 - 3*f. Let q be v(4). What is the units digit of (-3)/(-6) - (-22)/q?
6
Suppose -4*d - 2 = -146. What is the units digit of d?
6
Suppose -4*b + 23 = 3. Suppose b*m = -4*o - 16 + 4, 3 = -2*m - o. Suppose m = -2*c - 3*c + 15. What is the units digit of c?
3
Suppose -4*j + 213 = 3*p, -3*j + 18 - 277 = -4*p. Suppose w + 3*v + 13 = 2*v, -5*w - p = 4*v. Let t = w - -30. What is the tens digit of t?
1
Let g(p) = p**3 - 3*p + 1. Let m be g(2). Suppose 3 = 2*y + h, -y + 7 = -3*y - 3*h. Let c = y - m. What is the units digit of c?
1
Let f(w) = 2*w. Let t(g) = -g + 1. Let o(n) = -f(n) - 3*t(n). Suppose 0*d - 2*d + 18 = 0. What is the units digit of o(d)?
6
Let a be (6/4)/((-1)/18). Let r = -18 - a. What is the units digit of r?
9
Let z = 476 - 136. What is the tens digit of z?
4
Let i(h) = 3*h**2 - 13*h - 3. What is the units digit of i(6)?
7
Let y = 356 + -250. What is the hundreds digit of y?
1
Let w be 1/(-1) - (0 - -1). Let d be (-6)/w - (1 + -3). Suppose d*q + b = -0*q + 58, q = -4*b + 23. What is the units digit of q?
1
Let n be 24/9*171/12. Suppose z = -l - 1, 2*z - 5*l + 12 - n = 0. What is the units digit of z?
3
What is the tens digit of (-4)/2 - -2 - -10?
1
Suppose -d - 3*k + 5 = 0, -2*d + 2*k = 9 - 43. Let x(l) = -l**2 + 13*l + 19. What is the units digit of x(d)?
5
Let x(m) = -2*m**3 - 7*m**2 + 9*m + 1. What is the hundreds digit of x(-6)?
1
Let s(l) = 40*l - 72. What is the tens digit of s(11)?
6
Let b(l) be the first derivative of -l**4/4 + 10*l**3/3 + l**2/2 - 4*l - 2. What is the units digit of b(10)?
6
Suppose -530 = -5*z - 5*k, 0 = -2*z + k + 3*k + 182. What is the tens digit of z?
0
Let x be (-10)/(-25) + 336/10. Suppose 2*r = -3*r - 115. Let f = x + r. What is the tens digit of f?
1
Let s = -7 - -10. Suppose -3*k + 0*k = -s. What is the units digit of k?
1
Let q(b) = b**2 - 8*b - 4. Let y be q(9). Suppose 2*f - 3*f - 106 = -y*d, -2*f + 52 = 2*d. What is the tens digit of d?
2
Let s(w) = 6*w**3. Let j be s(1). Suppose 4*m - 42 = j. What is the tens digit of m?
1
Let o = -22 - -13. Let k = o + 12. Suppose 3*l - 27 = k. What is the tens digit of l?
1
Let q(a) = a + 4. Let b be q(0). Let l be (0 - (-5)/b)*28. Let h = -25 + l. What is the units digit of h?
0
Let j(f) = 3*f - 1. Let y be j(2). Suppose -2*w = -w - y. What is the units digit of w?
5
Suppose 0 = 2*c + 3 - 5, 2*l - 4*c = 96. What is the units digit of l?
0
Let d(o) be the third derivative of o**5/30 + 7*o**4/24 - 7*o**3/6 - 2*o**2. Let j be d(-6). Suppose 5*r = -8 + j. What is the units digit of r?
3
Let b be 489/(-21) + (-6)/(-21). Let o = 34 + b. What is the tens digit of o?
1
Let p(u) = u + 14. Let f be p(-12). Suppose -11 = f*x - 43. What is the tens digit of x?
1
Let f(p) = 2*p**2 - 6*p - 14. What is the tens digit of f(6)?
2
What is the hundreds digit of (-2)/3 - ((-2600)/12 - -6)?
2
Let b = 190 - 108. What is the tens digit of b?
8
Suppose r - 211 = -4*r - k, 4*r + k - 169 = 0. What is the units digit of r?
2
Let n = -59 - -100. Suppose 0 - 2 = -k, 3*s - n = 2*k. What is the units digit of s?
5
Suppose 4*k + 716 = 8*k. What is the tens digit of k?
7
Let c(u) = u**3 - 5*u**2 - 6*u + 1. Let z be c(6). What is the units digit of (2/(-2))/(z/(-5))?
5
Let t(f) be the first derivative of 2*f**3/3 + 2*f**2 + 2*f - 4. Let r be t(-2). Suppose r*z - 4 = -0*z. What is the units digit of z?
2
Let g be (-1 - 0)*-1 + 0. What is the units digit of (4 + 2)*g/2?
3
Let p be (-1)/(-4) + (-57)/(-12). Let v = -2 + p. Suppose j - 5*j + 2*f = -28, -f + 16 = v*j. What is the units digit of j?
6
Let y(m) = -m - 4 + 0 + 3 - 11*m**3. Suppose 4*q + 5 = -q. What is the tens digit of y(q)?
1
Suppose -n = -3*n + 108. What is the units digit of n?
4
Let t(a) = 14*a + 39. What is the hundreds digit of t(14)?
2
Suppose 2*j = 3*j - 8. Let r be 10/j + 3/(-12). What is the units digit of r/(150/(-51) + 3)?
7
Let r = -25 - -137. What is the tens digit of r?
1
Suppose 5*p = 3*p. Suppose 4*l - 16 - 56 = p. What is the units digit of l?
8
Suppose 3*b = 3*t - 7*t + 18, -5*t - 2*b + 19 = 0. Let o be t/(9/6) + -14. Let g = o